?
0
What is the ten millions digit of 798080979?
9
What is the millions digit of 57878141?
7
What is the millions digit of 5911708?
5
What is the ten millions digit of 96664980?
9
What is the hundred millions digit of 5846601681?
8
What is the tens digit of 262458075?
7
What is the hundreds digit of 592794842?
8
What is the tens digit of 1299356659?
5
What is the units digit of 42127150?
0
What is the units digit of 397981835?
5
What is the hundreds digit of 4781227538?
5
What is the ten thousands digit of 4572216203?
1
What is the tens digit of 58981252?
5
What is the ten millions digit of 367101818?
6
What is the thousands digit of 68375382?
5
What is the millions digit of 1912250497?
2
What is the hundreds digit of 128000283?
2
What is the hundred millions digit of 242561507?
2
What is the thousands digit of 64474804?
4
What is the millions digit of 26165595?
6
What is the millions digit of 1952630001?
2
What is the ten thousands digit of 48582232?
8
What is the hundred millions digit of 244042201?
2
What is the millions digit of 195211615?
5
What is the ten thousands digit of 4490115140?
1
What is the billions digit of 1177651811?
1
What is the ten millions digit of 4972903765?
7
What is the hundreds digit of 138585318?
3
What is the units digit of 61322755?
5
What is the ten millions digit of 793796543?
9
What is the units digit of 4040566447?
7
What is the ten millions digit of 1141900304?
4
What is the hundreds digit of 93142070?
0
What is the hundreds digit of 370246992?
9
What is the ten millions digit of 16565060?
1
What is the hundred thousands digit of 34129159?
1
What is the thousands digit of 175572589?
2
What is the ten thousands digit of 6310363796?
6
What is the thousands digit of 1175686253?
6
What is the ten thousands digit of 27685714?
8
What is the hundred thousands digit of 106023820?
0
What is the ten thousands digit of 74952613?
5
What is the thousands digit of 307245235?
5
What is the thousands digit of 46044891?
4
What is the millions digit of 1553261345?
3
What is the ten thousands digit of 3669355434?
5
What is the ten millions digit of 85839537?
8
What is the millions digit of 3193514916?
3
What is the ten millions digit of 763107112?
6
What is the ten thousands digit of 66112031?
1
What is the units digit of 162554418?
8
What is the ten thousands digit of 441989523?
8
What is the hundreds digit of 1211452519?
5
What is the ten thousands digit of 130397742?
9
What is the ten thousands digit of 668005618?
0
What is the thousands digit of 747975920?
5
What is the hundreds digit of 16434460?
4
What is the ten thousands digit of 46943559?
4
What is the hundred millions digit of 142351710?
1
What is the ten millions digit of 5162630392?
6
What is the ten millions digit of 30588753?
3
What is the units digit of 490917592?
2
What is the thousands digit of 1136003179?
3
What is the tens digit of 4994319060?
6
What is the hundred thousands digit of 2409625138?
6
What is the hundred millions digit of 2259819809?
2
What is the units digit of 70238160?
0
What is the ten thousands digit of 67024315?
2
What is the thousands digit of 6646709213?
9
What is the hundred thousands digit of 1745675447?
6
What is the units digit of 88814191?
1
What is the ten thousands digit of 858145447?
4
What is the thousands digit of 165398600?
8
What is the tens digit of 89156373?
7
What is the tens digit of 27882535?
3
What is the hundreds digit of 87203357?
3
What is the tens digit of 44637578?
7
What is the tens digit of 6008201857?
5
What is the millions digit of 51490031?
1
What is the units digit of 169817327?
7
What is the hundred millions digit of 216914013?
2
What is the millions digit of 90181904?
0
What is the hundred thousands digit of 1962703776?
7
What is the ten millions digit of 5025677013?
2
What is the hundred millions digit of 325392928?
3
What is the tens digit of 6206584676?
7
What is the thousands digit of 86767677?
7
What is the millions digit of 659440185?
9
What is the ten thousands digit of 122194845?
9
What is the ten thousands digit of 134967713?
6
What is the thousands digit of 11069983?
9
What is the billions digit of 2985669044?
2
What is the billions digit of 2028558718?
2
What is the millions digit of 1771203187?
1
What is the ten thousands digit of 114927507?
2
What is the hundreds digit of 32602851?
8
What is the thousands digit of 866493585?
3
What is the ten thousands digit of 37924694?
2
What is the hundred millions digit of 334208925?
3
What is the units digit of 140084087?
7
What is the hundreds digit of 29020877?
8
What is the hundred thousands digit of 148534175?
5
What is the ten millions digit of 193933786?
9
What is the ten millions digit of 4048319083?
4
What is the tens digit of 66176968?
6
What is the units digit of 1126146857?
7
What is the hundreds digit of 79781482?
4
What is the thousands digit of 92395452?
5
What is the hundred millions digit of 1741833145?
7
What is the ten thousands digit of 245260682?
6
What is the tens digit of 5874991?
9
What is the thousands digit of 1152056618?
6
What is the hundreds digit of 42848381?
3
What is the tens digit of 239500232?
3
What is the ten thousands digit of 7478447873?
4
What is the hundreds digit of 57135899?
8
What is the ten thousands digit of 212196503?
9
What is the tens digit of 346788630?
3
What is the ten thousands digit of 4528813849?
1
What is the hundred thousands digit of 2253720902?
7
What is the ten millions digit of 90017569?
9
What is the hundreds digit of 3064078758?
7
What is the hundreds digit of 3919869804?
8
What is the hundred thousands digit of 237537288?
5
What is the thousands digit of 33129236?
9
What is the ten millions digit of 2233961874?
3
What is the hundreds digit of 126256371?
3
What is the units digit of 1284982525?
5
What is the thousands digit of 1873441543?
1
What is the millions digit of 301286170?
1
What is the hundred millions digit of 2356885616?
3
What is the units digit of 406875142?
2
What is the ten thousands digit of 49118652?
1
What is the hundred millions digit of 2620667255?
6
What is the tens digit of 122388134?
3
What is the hundreds digit of 1110054901?
9
What is the tens digit of 63274718?
1
What is the thousands digit of 221538487?
8
What is the ten millions digit of 647900979?
4
What is the units digit of 876989721?
1
What is the thousands digit of 49976529?
6
What is the hundred millions digit of 129891569?
1
What is the thousands digit of 61702134?
2
What is the ten thousands digit of 15591300?
9
What is the ten millions digit of 1146389167?
4
What is the ten millions digit of 1968301761?
6
What is the hundred millions digit of 1331784332?
3
What is the millions digit of 105037874?
5
What is the ten thousands digit of 1295882234?
8
What is the hundreds digit of 2441246734?
7
What is the hundred thousands digit of 647879735?
8
What is the millions digit of 427953745?
7
What is the thousands digit of 166197796?
7
What is the millions digit of 508363822?
8
What is the ten millions digit of 4345595713?
4
What is the ten millions digit of 52779617?
5
What is the tens digit of 202959244?
4
What is the thousands digit of 1870707?
0
What is the units digit of 39622101?
1
What is the millions digit of 48709455?
8
What is the millions digit of 41310827?
1
What is the hundred thousands digit of 442943840?
9
What is the thousands digit of 100925831?
5
What is the millions digit of 111895164?
1
What is the ten thousands digit of 22131246?
3
What is the millions digit of 4533658810?
3
What is the hundred thousands digit of 43950005?
9
What is the units digit of 6335695533?
3
What is the hundreds digit of 20517445?
4
What is the units digit of 34232324?
4
What is the ten thousands digit of 4689965591?
6
What is the millions digit of 9083283?
9
What is the thousands digit of 98755884?
5
What is the hundred thousands digit of 1629934827?
9
What is the ten thousands digit of 239786183?
8
What is the ten thousands digit of 7668288?
6
What is the hundred millions digit of 723344596?
7
What is the hundred thousands digit of 279067328?
0
What is the millions digit of 43694758?
3
What is the hundred millions digit of 259052733?
2
What is the hundreds digit of 1060898223?
2
What is the billions digit of 1001551026?